
Is 37741609 prime?
False
Is 44566411 a composite number?
False
Is 11496961 a composite number?
True
Is 10031543 a composite number?
True
Is 1266557 a prime number?
True
Is 5283139 a prime number?
True
Is 7161103 a prime number?
True
Is 6262787 composite?
False
Is 251298611 a prime number?
True
Is 14307157 a composite number?
True
Is 3126847 composite?
False
Is 912293 a composite number?
True
Is 121741271 a prime number?
True
Is 38202781 composite?
False
Is 21086369 a composite number?
True
Is 76401785 prime?
False
Is 9302783 a prime number?
False
Is 19852789 composite?
True
Is 39099539 prime?
True
Is 10929367 a prime number?
True
Is 117650993 composite?
True
Is 112263367 composite?
False
Is 286945583 a prime number?
True
Is 242393 a prime number?
True
Is 25062941 a composite number?
False
Is 1685011 composite?
False
Is 5642591 prime?
True
Is 197158811 composite?
False
Is 1152847 prime?
False
Is 7674023 a composite number?
True
Is 8269399 a composite number?
False
Is 229715 a prime number?
False
Is 14222957 prime?
False
Is 2597437 prime?
False
Is 19182419 a composite number?
True
Is 164521711 composite?
False
Is 1688173 a prime number?
True
Is 18260413 a composite number?
True
Is 3185363 prime?
True
Is 162308371 prime?
False
Is 388309 prime?
False
Is 1538293 prime?
True
Is 281342813 a composite number?
True
Is 654190699 a prime number?
True
Is 2052103 a composite number?
True
Is 58643315 prime?
False
Is 14639857 composite?
False
Is 151350377 composite?
False
Is 31987793 a prime number?
False
Is 2307869 a composite number?
True
Is 825733 prime?
True
Is 67664815 a prime number?
False
Is 231811 prime?
False
Is 5556557 a prime number?
True
Is 65396491 prime?
False
Is 71060881 prime?
True
Is 91777241 composite?
False
Is 64537819 a prime number?
True
Is 3864089 composite?
False
Is 25116457 a prime number?
True
Is 484551933 a prime number?
False
Is 4016231 a composite number?
False
Is 409879 composite?
False
Is 7629563 a composite number?
True
Is 2500189 a prime number?
False
Is 27430549 a composite number?
True
Is 449213 a composite number?
True
Is 1617803 composite?
True
Is 129341 a composite number?
False
Is 978807767 prime?
False
Is 4884857 a composite number?
False
Is 5828353 composite?
False
Is 29953361 prime?
True
Is 13381649 a prime number?
True
Is 15500777 a composite number?
True
Is 3088121 composite?
False
Is 554569 composite?
False
Is 606260659 prime?
False
Is 294383 prime?
True
Is 636211 a composite number?
False
Is 89432797 prime?
True
Is 21828869 a composite number?
False
Is 56104627 a prime number?
True
Is 369740897 a composite number?
False
Is 12960229 a composite number?
True
Is 48712009 prime?
True
Is 7990057 prime?
True
Is 39311306 a prime number?
False
Is 25991711 a prime number?
False
Is 572330263 a composite number?
True
Is 12500153 a composite number?
True
Is 21241217 prime?
True
Is 1027333537 a composite number?
False
Is 230925749 prime?
False
Is 203404307 a composite number?
False
Is 130579 prime?
True
Is 5022091 a composite number?
True
Is 64931813 a composite number?
True
Is 5365781 a prime number?
False
Is 121096583 a composite number?
True
Is 107556751 a prime number?
False
Is 15338287 composite?
True
Is 416573 a prime number?
True
Is 8593369 composite?
False
Is 89864713 a prime number?
True
Is 935548507 prime?
True
Is 2467363 a composite number?
True
Is 310053979 a composite number?
True
Is 90800891 a prime number?
False
Is 114388501 composite?
False
Is 44288951 prime?
False
Is 1417554997 prime?
False
Is 492831883 a composite number?
False
Is 40384693 a composite number?
False
Is 34048961 composite?
True
Is 26179739 composite?
True
Is 14184737 a composite number?
True
Is 44095481 a composite number?
True
Is 294809251 prime?
False
Is 2834441 a composite number?
True
Is 10314377 a prime number?
True
Is 354439 a composite number?
False
Is 12368303 a prime number?
False
Is 6893531 a composite number?
True
Is 10676335 a composite number?
True
Is 71283143 a prime number?
True
Is 59131771 composite?
False
Is 4593761 composite?
False
Is 11169793 prime?
True
Is 3778793 composite?
False
Is 1100171359 composite?
True
Is 784165 prime?
False
Is 96930697 a prime number?
True
Is 22007957 prime?
False
Is 218219 prime?
False
Is 12712306 composite?
True
Is 19015111 composite?
False
Is 1480093 composite?
False
Is 11035501 prime?
False
Is 6957943 a composite number?
False
Is 2913509 composite?
False
Is 259393 prime?
False
Is 50742677 prime?
False
Is 11568073 composite?
True
Is 69401771 composite?
False
Is 19101323 composite?
True
Is 1363666 composite?
True
Is 22078939 prime?
True
Is 1618931 composite?
False
Is 13627061 a composite number?
True
Is 64203389 composite?
False
Is 51090769 a composite number?
True
Is 1007313 a composite number?
True
Is 4180541 a composite number?
False
Is 1846621 a prime number?
False
Is 13315017 composite?
True
Is 23860717 a prime number?
True
Is 1331498183 a prime number?
True
Is 6215813 prime?
True
Is 364739 composite?
False
Is 1942663 a composite number?
True
Is 129139006 prime?
False
Is 16119443 prime?
False
Is 942847 prime?
True
Is 2011193 a composite number?
False
Is 176264323 a composite number?
False
Is 2173307 a prime number?
True
Is 41862839 a composite number?
False
Is 45720581 prime?
True
Is 66303931 a composite number?
True
Is 14707655 composite?
True
Is 5334739 a composite number?
True
Is 6561809 a prime number?
True
Is 536805554 a prime number?
False
Is 7963931 a composite number?
True
Is 139131367 composite?
False
Is 7623169 a prime number?
False
Is 139611827 a prime number?
True
Is 11666111 a composite number?
False
Is 171728503 prime?
True
Is 1109281 prime?
True
Is 1132759 a prime number?
False
Is 27978701 a prime number?
True
Is 290633 a composite number?
True
Is 247333897 a composite number?
True
Is 2807821 composite?
False
Is 2953523 a prime number?
True
Is 3727123 a prime number?
True
Is 113262073 a prime number?
False
Is 4392031 composite?
True
Is 96322813 a prime number?
True
Is 93320203 prime?
True
Is 6965195 composite?
True
Is 37234829 a composite number?
False
Is 17421149 prime?
False
Is 284833027 prime?
False
Is 129311311 a composite number?
False
Is 3182843 composite?
False
Is 21934789 a composite number?
False
Is 9552551 composite?
False
Is 27137789 a prime number?
False
Is 331567837 a composite number?
False
Is 22271083 prime?
True
Is 197495 a composite number?
True
Is 287442769 a composite number?
False
Is 10554863 a prime number?
False
Is 4291277 composite?
True
Is 459433421 prime?
True
Is 11331137 a composite number?
False
Is 73936627 a composite number?
True
Is 14354297 composite?
False
Is 39188011 a prime number?
True
Is 6393577 composite?
False
Is 2991935 prime?
False
Is 1520069 composite?
False
Is 76696729 a prime number?
False
Is 47831011 a prime number?
True
Is 28695209 composite?
False
Is 39458557 a composite number?
False
Is 4187059 prime?
True
Is 464820527 composite?
True
Is 35538131 a prime number?
True
Is 49113619 composite?
False
Is 16756553 prime?
False
Is 4734871 prime?
True
Is 1200893 prime?
False
Is 18187129 prime?
False
Is 40821911 a prime number?
False
Is 178245757 a composite number?
True
Is 85789915 prime?
False
Is 131622913 a prime number?
True
Is 6327967 a composite number?
True
Is 253069913 prime?
True
Is 123059 a composite number?
False
Is 140873 a prime number?
False
Is 24747001 prime?
False
Is 236695 composite?
True
Is 3907241 prime?
False
Is 6786821 a composite number?
False
Is 15081467 a prime number?
True
Is 27723161 a composite number?
False
Is 1800921 a prime number?
False
Is 497111 prime?
True
Is 9477183 a prime number?
False
Is 20417315 a composite number?
True
Is 6347321 prime?
True
Is 35504923 a composite number?
False
Is 179034593 composite?
False
Is 517821827 a prime number?
False
Is 10450603 composite?
False
Is 5290277 prime?
True
Is 77929199 a prime number?
False
Is 24364201 composite?
False
Is 1576919 prime?
False
Is 507103 prime?
True
Is 33216317 a composite number?
True
Is 53392033 composite?
True
Is 49720639 a composite number?
False
Is 6242941 composite?
False
Is 4008743 composite?
True
Is 1589779 prime?
False
Is 207743 composite?
False
Is 32719579 a prime number?
True
Is 24927199 prime?
False
Is 30371366 prime?
False
Is 39023434